[INFO] cloning repository https://github.com/schultyy/sphinx
[INFO] running `Command { std: "git" "-c" "credential.helper=" "-c" "credential.helper=/workspace/cargo-home/bin/git-credential-null" "clone" "--bare" "https://github.com/schultyy/sphinx" "/workspace/cache/git-repos/https%3A%2F%2Fgithub.com%2Fschultyy%2Fsphinx", kill_on_drop: false }`
[INFO] [stderr] Cloning into bare repository '/workspace/cache/git-repos/https%3A%2F%2Fgithub.com%2Fschultyy%2Fsphinx'...
[INFO] running `Command { std: "git" "rev-parse" "HEAD", kill_on_drop: false }`
[INFO] [stdout] fac6b0b5a7c0082be1ba9f210e7e5a536757ee9f
[INFO] checking schultyy/sphinx against try#72f88fc4e9458f89516a0b8b0868f3718aec5b47 for pr-74989
[INFO] running `Command { std: "git" "clone" "/workspace/cache/git-repos/https%3A%2F%2Fgithub.com%2Fschultyy%2Fsphinx" "/workspace/builds/worker-2/source", kill_on_drop: false }`
[INFO] [stderr] Cloning into '/workspace/builds/worker-2/source'...
[INFO] [stderr] done.
[INFO] validating manifest of git repo https://github.com/schultyy/sphinx on toolchain 72f88fc4e9458f89516a0b8b0868f3718aec5b47
[INFO] running `Command { std: "/workspace/cargo-home/bin/cargo" "+72f88fc4e9458f89516a0b8b0868f3718aec5b47" "read-manifest" "--manifest-path" "Cargo.toml", kill_on_drop: false }`
[INFO] started tweaking git repo https://github.com/schultyy/sphinx
[INFO] finished tweaking git repo https://github.com/schultyy/sphinx
[INFO] tweaked toml for git repo https://github.com/schultyy/sphinx written to /workspace/builds/worker-2/source/Cargo.toml
[INFO] crate git repo https://github.com/schultyy/sphinx already has a lockfile, it will not be regenerated
[INFO] running `Command { std: "/workspace/cargo-home/bin/cargo" "+72f88fc4e9458f89516a0b8b0868f3718aec5b47" "fetch" "--locked" "--manifest-path" "Cargo.toml", kill_on_drop: false }`
[INFO] [stderr]     Updating git repository `https://github.com/schultyy/nfqueue-rs.git`
[INFO] [stderr]  Downloading crates ...
[INFO] [stderr]   Downloaded pnet_macros_support v0.1.1
[INFO] [stderr]   Downloaded pnet_macros v0.13.1
[INFO] [stderr]   Downloaded text_io v0.1.6
[INFO] [stderr]   Downloaded ipnetwork v0.12.3
[INFO] [stderr]   Downloaded pnet v0.17.1
[INFO] running `Command { std: "docker" "create" "-v" "/var/lib/crater-agent-workspace/builds/worker-2/target:/opt/rustwide/target:rw,Z" "-v" "/var/lib/crater-agent-workspace/builds/worker-2/source:/opt/rustwide/workdir:ro,Z" "-v" "/var/lib/crater-agent-workspace/cargo-home:/opt/rustwide/cargo-home:ro,Z" "-v" "/var/lib/crater-agent-workspace/rustup-home:/opt/rustwide/rustup-home:ro,Z" "-e" "SOURCE_DIR=/opt/rustwide/workdir" "-e" "CARGO_TARGET_DIR=/opt/rustwide/target" "-e" "CARGO_HOME=/opt/rustwide/cargo-home" "-e" "RUSTUP_HOME=/opt/rustwide/rustup-home" "-w" "/opt/rustwide/workdir" "-m" "1610612736" "--user" "0:0" "--network" "none" "rustops/crates-build-env@sha256:d92eaeed33fa75130ca1ee6c8a01d1ffb62bac859dfdfb3450e3e5d1c0146529" "/opt/rustwide/cargo-home/bin/cargo" "+72f88fc4e9458f89516a0b8b0868f3718aec5b47" "metadata" "--no-deps" "--format-version=1", kill_on_drop: false }`
[INFO] [stderr] WARNING: Your kernel does not support swap limit capabilities or the cgroup is not mounted. Memory limited without swap.
[INFO] [stdout] e612930b0e87f72f33e611b4a382b025aaa3479ee96f5ea7ef25f01ce17cf5c4
[INFO] running `Command { std: "docker" "start" "-a" "e612930b0e87f72f33e611b4a382b025aaa3479ee96f5ea7ef25f01ce17cf5c4", kill_on_drop: false }`
[INFO] running `Command { std: "docker" "inspect" "e612930b0e87f72f33e611b4a382b025aaa3479ee96f5ea7ef25f01ce17cf5c4", kill_on_drop: false }`
[INFO] running `Command { std: "docker" "rm" "-f" "e612930b0e87f72f33e611b4a382b025aaa3479ee96f5ea7ef25f01ce17cf5c4", kill_on_drop: false }`
[INFO] [stdout] e612930b0e87f72f33e611b4a382b025aaa3479ee96f5ea7ef25f01ce17cf5c4
[INFO] running `Command { std: "docker" "create" "-v" "/var/lib/crater-agent-workspace/builds/worker-2/target:/opt/rustwide/target:rw,Z" "-v" "/var/lib/crater-agent-workspace/builds/worker-2/source:/opt/rustwide/workdir:ro,Z" "-v" "/var/lib/crater-agent-workspace/cargo-home:/opt/rustwide/cargo-home:ro,Z" "-v" "/var/lib/crater-agent-workspace/rustup-home:/opt/rustwide/rustup-home:ro,Z" "-e" "SOURCE_DIR=/opt/rustwide/workdir" "-e" "CARGO_TARGET_DIR=/opt/rustwide/target" "-e" "CARGO_INCREMENTAL=0" "-e" "RUST_BACKTRACE=full" "-e" "RUSTFLAGS=--cap-lints=forbid" "-e" "CARGO_HOME=/opt/rustwide/cargo-home" "-e" "RUSTUP_HOME=/opt/rustwide/rustup-home" "-w" "/opt/rustwide/workdir" "-m" "1610612736" "--user" "0:0" "--network" "none" "rustops/crates-build-env@sha256:d92eaeed33fa75130ca1ee6c8a01d1ffb62bac859dfdfb3450e3e5d1c0146529" "/opt/rustwide/cargo-home/bin/cargo" "+72f88fc4e9458f89516a0b8b0868f3718aec5b47" "check" "--frozen" "--all" "--all-targets" "--message-format=json", kill_on_drop: false }`
[INFO] [stdout] 68587486e1cd1b28070dadd01db2618913619879d716bdd11c78d649806777ca
[INFO] [stderr] WARNING: Your kernel does not support swap limit capabilities or the cgroup is not mounted. Memory limited without swap.
[INFO] running `Command { std: "docker" "start" "-a" "68587486e1cd1b28070dadd01db2618913619879d716bdd11c78d649806777ca", kill_on_drop: false }`
[INFO] [stderr]    Compiling libc v0.2.22
[INFO] [stderr]    Compiling rustc-serialize v0.3.24
[INFO] [stderr]    Compiling log v0.3.7
[INFO] [stderr]    Compiling term v0.4.5
[INFO] [stderr]    Compiling void v1.0.2
[INFO] [stderr]    Compiling regex-syntax v0.4.0
[INFO] [stderr]    Compiling utf8-ranges v1.0.0
[INFO] [stderr]    Compiling winapi-build v0.1.1
[INFO] [stderr]     Checking winapi v0.2.8
[INFO] [stderr]     Checking ipnetwork v0.12.3
[INFO] [stderr]     Checking pnet_macros_support v0.1.1
[INFO] [stderr]     Checking text_io v0.1.6
[INFO] [stderr]     Checking syntex_pos v0.42.0
[INFO] [stderr]     Checking unreachable v0.1.1
[INFO] [stderr]    Compiling ws2_32-sys v0.2.1
[INFO] [stderr]     Checking thread-id v3.1.0
[INFO] [stderr]     Checking memchr v1.0.1
[INFO] [stderr]     Checking nfqueue v0.9.0 (https://github.com/schultyy/nfqueue-rs.git?branch=cloneable-verdicts#41c0a33a)
[INFO] [stderr]     Checking syntex_errors v0.42.0
[INFO] [stderr]     Checking thread_local v0.3.3
[INFO] [stderr]     Checking aho-corasick v0.6.3
[INFO] [stderr]     Checking syntex_syntax v0.42.0
[INFO] [stderr]     Checking regex v0.2.1
[INFO] [stderr]     Checking syntex v0.42.2
[INFO] [stderr]     Checking pnet_macros v0.13.1
[INFO] [stderr]    Compiling pnet v0.17.1
[INFO] [stderr]     Checking sphinx v0.1.0 (/opt/rustwide/workdir)
[INFO] [stdout] error[E0277]: can't compare `&str` with `Option<String>`
[INFO] [stdout]    --> src/process_mon.rs:121:9
[INFO] [stdout]     |
[INFO] [stdout] 121 |         assert_eq!(expected_pid, actual_pid);
[INFO] [stdout]     |         ^^^^^^^^^^^^^^^^^^^^^^^^^^^^^^^^^^^^^ no implementation for `&str == Option<String>`
[INFO] [stdout]     |
[INFO] [stdout]     = help: the trait `PartialEq<Option<String>>` is not implemented for `&str`
[INFO] [stdout]     = note: this error originates in a macro (in Nightly builds, run with -Z macro-backtrace for more info)
[INFO] [stdout] 
[INFO] [stdout] 
[INFO] [stdout] error[E0277]: can't compare `&str` with `IpAddr`
[INFO] [stdout]    --> src/process_mon.rs:142:9
[INFO] [stdout]     |
[INFO] [stdout] 142 |         assert_eq!("192.168.178.36", process.from);
[INFO] [stdout]     |         ^^^^^^^^^^^^^^^^^^^^^^^^^^^^^^^^^^^^^^^^^^^ no implementation for `&str == IpAddr`
[INFO] [stdout]     |
[INFO] [stdout]     = help: the trait `PartialEq<IpAddr>` is not implemented for `&str`
[INFO] [stdout]     = note: this error originates in a macro (in Nightly builds, run with -Z macro-backtrace for more info)
[INFO] [stdout] 
[INFO] [stdout] 
[INFO] [stdout] error[E0277]: can't compare `&str` with `IpAddr`
[INFO] [stdout]    --> src/process_mon.rs:143:9
[INFO] [stdout]     |
[INFO] [stdout] 143 |         assert_eq!("192.30.253.125", process.to);
[INFO] [stdout]     |         ^^^^^^^^^^^^^^^^^^^^^^^^^^^^^^^^^^^^^^^^^ no implementation for `&str == IpAddr`
[INFO] [stdout]     |
[INFO] [stdout]     = help: the trait `PartialEq<IpAddr>` is not implemented for `&str`
[INFO] [stdout]     = note: this error originates in a macro (in Nightly builds, run with -Z macro-backtrace for more info)
[INFO] [stdout] 
[INFO] [stdout] 
[INFO] [stdout] error: aborting due to 3 previous errors
[INFO] [stdout] 
[INFO] [stdout] 
[INFO] [stdout] For more information about this error, try `rustc --explain E0277`.
[INFO] [stdout] 
[INFO] [stderr] error: could not compile `sphinx`.
[INFO] [stderr] 
[INFO] [stderr] To learn more, run the command again with --verbose.
[INFO] running `Command { std: "docker" "inspect" "68587486e1cd1b28070dadd01db2618913619879d716bdd11c78d649806777ca", kill_on_drop: false }`
[INFO] running `Command { std: "docker" "rm" "-f" "68587486e1cd1b28070dadd01db2618913619879d716bdd11c78d649806777ca", kill_on_drop: false }`
[INFO] [stdout] 68587486e1cd1b28070dadd01db2618913619879d716bdd11c78d649806777ca
